z.
27
Let v = 28 + -24. Calculate the highest common factor of 10 and v.
2
Let x be -16 + (0 - 3) + 1. Let u = x - -26. Suppose 4*a - 220 - 135 = 3*h, -4*h + 348 = 4*a. What is the highest common divisor of a and u?
8
Suppose 87 = 2*t - 23. Suppose -y - q = -13, 3*y = 7*y + 5*q - t. What is the highest common divisor of 90 and y?
10
Suppose 2*t - 8 = -0*t. Let y be (2/(-3))/(t/(-216)). Calculate the greatest common divisor of 24 and y.
12
Let g(b) = -b**3 - 8*b**2 + b + 10. Let q be g(-8). Suppose 0 = -q*c + 30 + 10. Suppose c = h - 112. Calculate the greatest common divisor of 12 and h.
12
Let k = -36 - -112. Let p = k + -52. What is the greatest common divisor of p and 6?
6
Let c(b) be the first derivative of b**4/4 - 10*b**3/3 + 3*b**2/2 - 12*b + 3. Let o be c(10). What is the greatest common factor of o and 54?
18
Let o = -18 + 55. What is the greatest common factor of 333 and o?
37
Let o = 3 - 1. Let f be (-2)/o*(3 + -6). Suppose f*v = 4*v - 3. What is the greatest common factor of 3 and v?
3
Let v(j) = -2*j + 17. Let h be v(7). Let p = 5 - 2. Calculate the greatest common divisor of h and p.
3
Let b(v) = -2*v**3 - 9*v**2 - 8*v + 1. Let f be b(-5). What is the greatest common factor of f and 44?
22
Let j be -3*(-40 - -2 - -1). Let q = -56 + j. Calculate the highest common factor of q and 5.
5
Let l be (2/1 - 1)/1. Let u = 2 + 2. Suppose -u*b = -3*f + 10, -f = -5*b + 3*b - 4. What is the highest common factor of f and l?
1
Let b(d) = d**2 + 6*d. Let u be b(-6). Let c(x) = x**3 + x**2 + x + 10. Let l be c(u). Let a = -1 - -3. Calculate the greatest common divisor of l and a.
2
Let o = -53 + -134. Let l = 122 + o. Let u = l + 129. Calculate the greatest common factor of u and 16.
16
Let q(v) = v**2 + 6. Let x be q(-4). Calculate the highest common divisor of 44 and x.
22
Let a = -111 - -165. What is the highest common divisor of 9 and a?
9
Let r be -4*1 + 9 + 1. Let t = 1 + 2. What is the greatest common divisor of r and t?
3
Let b(d) = -d**3 + 3*d**2 - 1. Let s be b(2). Suppose s*o = 5*z - 0*z + 28, 4*o - 48 = -4*z. Calculate the greatest common factor of 77 and o.
11
Let f = 124 - 89. Let z = -252 + 266. Calculate the highest common factor of f and z.
7
Let x(p) = -p**3 + 3*p**2 + 5*p. Let g be x(4). Let z be (-24)/(-2)*9/g. Calculate the greatest common factor of 3 and z.
3
Let q(a) = -2*a - 4. Let p be q(-4). Suppose 0 = -2*c - 5*t + 89, c - 3*t - 27 = -2*t. Calculate the highest common factor of p and c.
4
Suppose 2*o + 22 - 54 = 0. Suppose 20 = u - 4*d, 4*d = -4*u - 0 - 20. Suppose 0 = -3*c + 6 - u. Calculate the highest common divisor of c and o.
2
Let d be 670/18 - (-2)/(-9). Let s = d + -22. What is the highest common divisor of s and 30?
15
Suppose -5*p + 5 = -5*y, -5*p - 5*y = -3*y + 23. Let t = 5 + p. Let k be 2 - (t + 5*-8). What is the highest common divisor of k and 8?
8
Let j be 1 - 42/(-9)*-3. Let o = -9 - j. What is the greatest common factor of 20 and o?
4
Suppose 2*z + 1 = 6*z - 3*p, 4*z + 3*p = 31. Calculate the highest common divisor of z and 28.
4
Suppose -t + 0*t - 745 = -5*j, 760 = 5*j - 4*t. Calculate the greatest common divisor of 37 and j.
37
Suppose -360 = -3*q + m, -2*m + 141 + 228 = 3*q. What is the highest common factor of 11 and q?
11
Suppose -4*h + 0*o - 5*o = -35, -3*o - 16 = -5*h. Suppose -h*c = -c. Suppose 3*z = -c*z + 192. Calculate the greatest common divisor of z and 16.
16
Suppose 0 = -t + 3*y + 23, -3*y + 104 = 3*t - 5*y. What is the greatest common divisor of t and 95?
19
Suppose 0*s + 4*s - 4*v - 60 = 0, 4*s - 81 = -3*v. Suppose i = s + 1. What is the highest common divisor of 152 and i?
19
Suppose -39 = -2*v - 3*q, -2*q + 36 = 2*v - 4. What is the greatest common factor of 105 and v?
21
Suppose 0 = l - 5*b - 40, l + 0 = 3*b + 42. Calculate the highest common factor of 225 and l.
45
Let g = -5 + 6. Let f be 106 - (g/1 - 0). Let y be f + (-1 + 2)*3. What is the highest common divisor of 27 and y?
27
Suppose 3*q + q = -236. Let g be 60/(-9)*15 - -2. Let p = q - g. Calculate the highest common factor of p and 26.
13
Suppose 8*q = -3*q + 88. Calculate the highest common divisor of 200 and q.
8
Let m(g) = 20*g**3 - 2*g**2 + 2. Let t be m(2). Calculate the greatest common factor of t and 14.
14
Let g(k) = -k**2 + 12*k + 2. Let j be g(12). Calculate the highest common divisor of j and 2.
2
Let l(b) = -b**2 - 11*b - 10. Let n be l(-10). Let z(v) = 0*v + 4*v + n*v - 4. Let i be z(10). What is the greatest common divisor of i and 12?
12
Suppose -18 = -2*v + 3*z - 4, -5*v + 2*z = -57. What is the highest common divisor of 104 and v?
13
Let u(y) = -17*y + 3. Let d be u(-3). Suppose -h - d = -4*h. What is the greatest common divisor of h and 45?
9
Let f(k) = k**2 - 2*k - 1. Let x be f(2). Let z be (14/x)/((-2)/12). Calculate the highest common factor of 56 and z.
28
Suppose 3*y - 1 = 5. Let q be (8/(-12))/(y/(-6)). Let i be q + -5 - 33/(-1). Calculate the highest common divisor of 12 and i.
6
Let d be (18/4)/((-30)/(-80)). Calculate the greatest common factor of d and 12.
12
Let r = 68 - 48. Let j be 6/(-5)*r/6. Let o be (j/10)/((-1)/65). What is the greatest common factor of o and 39?
13
Let b = 133 - 65. Calculate the greatest common factor of b and 238.
34
Let s = 145 - 65. Let h be (22 + -1)*1 - 1. What is the greatest common divisor of s and h?
20
Let f(m) = -m**3 - 4*m**2 + 8*m + 3. Let p be f(-6). Let x be (-6)/p - (-148)/18. Suppose 3*i - i = x. Calculate the greatest common divisor of i and 10.
2
Let g be ((-18)/45)/(2/(-150)). Calculate the greatest common divisor of 20 and g.
10
Suppose -6 = -7*n + 5*n. Calculate the greatest common factor of 9 and n.
3
Let i = -17 + 21. Let x(o) = 2*o**2 - o + 3. Let f be x(-3). Let b = f - -8. What is the highest common divisor of b and i?
4
Let a = 529 - 522. Let i(s) = s**3 + 5*s**2 + 4*s + 1. Let h be i(-4). What is the greatest common factor of a and h?
1
Let a = -30 + 42. Let q be a/18 - (-10)/3. Suppose 5*b - q*b = 14. What is the greatest common divisor of 70 and b?
14
Suppose -2*b + 35 = a, -2*b + 17 = -0*b - 5*a. Let f = 18 - 10. What is the highest common factor of f and b?
8
Let g(f) = f + 9. Let d be g(-7). Let k = 47 - d. Calculate the highest common divisor of 5 and k.
5
Suppose -23*a = -26*a + 198. What is the highest common factor of 33 and a?
33
Let l(n) = n**3 + 4*n**2 - 5*n + 5. Let w be l(-5). Suppose g - 5 = i, 3*g - w*g + 3*i = -11. Let b = -53 + 69. What is the greatest common factor of g and b?
4
Let u(p) = -p**3 - 6*p**2 + 10*p + 15. Let t be u(-8). Suppose 3*l - 2*l - 21 = 0. What is the highest common factor of t and l?
21
Let j be (-369)/(-27) - 1/(-3). What is the highest common factor of j and 35?
7
Suppose 0 = 4*k + 3*f - 5*f - 30, -2*k + 4*f = -12. Calculate the highest common factor of k and 64.
8
Suppose -6*v + v - 4*b + 1045 = 0, 3*v - 627 = -5*b. Let p = v - 131. What is the highest common factor of 52 and p?
26
Suppose 2*l = 5*l, -4*q - 2*l = -12. Suppose -p - 3*n + 5 = 0, -5*p + q*n + 4 = -3. Let k be 15*(p + 12/15). What is the highest common factor of 6 and k?
6
Suppose 2*j = -44 - 22. Let i be (-2)/11 + (-1986)/j. Calculate the greatest common factor of i and 15.
15
Suppose 5*v = 7 + 18, v = -4*x + 13. Calculate the greatest common divisor of x and 6.
2
Let j(s) = 2*s**2 - 1 - 2*s + 36*s**2 + 4*s. Let b = -25 + 26. Let k be j(b). Calculate the greatest common factor of k and 13.
13
Let k = 94 - 26. Let c be 0 + 0 + k + 4. What is the greatest common divisor of c and 8?
8
Let v be 1/((-3)/((-36)/1)). Let x be 6/(-4)*4/(-6). Let w be x/(-4) - 25/(-4). What is the highest common divisor of w and v?
6
Let w(f) = -f + 3. Let o be w(-7). What is the highest common factor of 30 and o?
10
Suppose 5*u = 296 + 34. Let w be 2/(-6) + (-704)/(-6). Let v = w - u. What is the highest common factor of v and 17?
17
Let c be (357/2)/((-1)/(-4)*2). Calculate the greatest common divisor of 51 and c.
51
Let n be 3405/135 - (-4)/(-18). What is the highest common divisor of n and 175?
25
Let d = -10 + 11. Calculate the greatest common factor of d and 8.
1
Let z(h) = -48*h. Let t be z(-3). Let w = -20 - -38. What is the greatest common factor of t and w?
18
Let j be ((-48)/12)/(1/(-12)). Let v be (j/20)/(-1)*-15. What is the greatest common fa